{"id":412,"date":"2012-04-12T17:03:04","date_gmt":"2012-04-12T17:03:04","guid":{"rendered":"http:\/\/www.ensemble-vocalia.fr\/?page_id=412"},"modified":"2018-05-09T17:00:03","modified_gmt":"2018-05-09T17:00:03","slug":"le-mot-de-nicole","status":"publish","type":"page","link":"http:\/\/www.ensemble-vocalia.fr\/?page_id=412","title":{"rendered":"Le mot de Nicole"},"content":{"rendered":"<h4>Prenez du plaisir \u00e0 lire les textes de notre r\u00e9dactrice Nicole.<\/h4>\n<ul>\n<li><a href=\"http:\/\/www.ensemble-vocalia.fr\/wp-content\/uploads\/2012\/04\/texte-R\u00e9tina.pdf\">texte R\u00e9tina<\/a><\/li>\n<li><a href=\"http:\/\/www.ensemble-vocalia.fr\/wp-content\/uploads\/2012\/04\/r\u00e9p\u00e9tition-Wingersheim.pdf\">r\u00e9p\u00e9tition Wingersheim<\/a><\/li>\n<li><a href=\"http:\/\/www.ensemble-vocalia.fr\/wp-content\/uploads\/2012\/04\/Forum-des-Associations-du-9-septembre-2012.pdf\">Forum des Associations du 9 septembre 2012<\/a><\/li>\n<\/ul>\n<p><a href=\"http:\/\/www.ensemble-vocalia.fr\/wp-content\/uploads\/2012\/04\/IMG_6052.jpg\"><img loading=\"lazy\" decoding=\"async\" class=\"alignleft wp-image-448\" title=\"IMG_6052\" src=\"http:\/\/www.ensemble-vocalia.fr\/wp-content\/uploads\/2012\/04\/IMG_6052-300x224.jpg\" alt=\"\" width=\"275\" height=\"199\" \/><\/a><a href=\"http:\/\/www.ensemble-vocalia.fr\/wp-content\/uploads\/2012\/04\/IMG_9341.jpg\"><img loading=\"lazy\" decoding=\"async\" class=\"alignleft wp-image-449\" title=\"IMG_9341\" src=\"http:\/\/www.ensemble-vocalia.fr\/wp-content\/uploads\/2012\/04\/IMG_9341-300x224.jpg\" alt=\"\" width=\"275\" height=\"199\" \/><\/a><\/p>\n<p>&nbsp;<\/p>\n<p>&nbsp;<\/p>\n<p>&nbsp;<\/p>\n<p>&nbsp;<\/p>\n<p>&nbsp;<\/p>\n<ul>\n<li><a href=\"http:\/\/www.ensemble-vocalia.fr\/wp-content\/uploads\/2012\/04\/Un-dimanche-inoubliable-avec-Jacky-Locks.pdf\">Un dimanche inoubliable avec Jacky Locks<\/a><\/li>\n<\/ul>\n<p><a href=\"http:\/\/www.ensemble-vocalia.fr\/wp-content\/uploads\/2012\/04\/groupe_smm2012.jpg\"><img loading=\"lazy\" decoding=\"async\" class=\"alignleft wp-image-446\" title=\"groupe_smm2012\" src=\"http:\/\/www.ensemble-vocalia.fr\/wp-content\/uploads\/2012\/04\/groupe_smm2012-300x224.jpg\" alt=\"\" width=\"275\" height=\"199\" \/><\/a><\/p>\n<p><a href=\"http:\/\/www.ensemble-vocalia.fr\/wp-content\/uploads\/2012\/04\/michel+jacky_smm2012.jpg\"><img loading=\"lazy\" decoding=\"async\" class=\"alignleft wp-image-447\" title=\"michel+jacky_smm2012\" src=\"http:\/\/www.ensemble-vocalia.fr\/wp-content\/uploads\/2012\/04\/michel+jacky_smm2012-300x224.jpg\" alt=\"\" width=\"275\" height=\"199\" \/><\/a><\/p>\n<p>&nbsp;<\/p>\n<p>&nbsp;<\/p>\n<p>&nbsp;<\/p>\n<p>&nbsp;<\/p>\n<p>&nbsp;<\/p>\n<p>&nbsp;<\/p>\n<ul>\n<li><a title=\"Concert 11 novembre 2012\" href=\"http:\/\/www.ensemble-vocalia.fr\/wp-content\/uploads\/2012\/04\/Concert-du-dimanche-11-novembre-2012.pdf\" target=\"_blank\" rel=\"noopener\">Concert du 11 novembre 2012<\/a><\/li>\n<li><span style=\"color: #000000;\"><a href=\"http:\/\/www.ensemble-vocalia.fr\/wp-content\/uploads\/2012\/04\/Concert-de-No\u00ebl-au-Temple-de-Brumath.pdf\">Concert de No\u00ebl du 8 d\u00e9cembre 2012<\/a><\/span><\/li>\n<li><a href=\"http:\/\/www.ensemble-vocalia.fr\/wp-content\/uploads\/2012\/04\/r\u00e9union-bilan-11-fevrier-20131.pdf\">r\u00e9union bilan 11 fevrier 2013<\/a><\/li>\n<li><a href=\"http:\/\/www.ensemble-vocalia.fr\/wp-content\/uploads\/2012\/04\/Concert-du-12-avril-2013.pdf\">Concert du 12 avril 2013<\/a><\/li>\n<li><a href=\"http:\/\/www.ensemble-vocalia.fr\/wp-content\/uploads\/2012\/04\/Concert-du-14-avril-2013-\u00e0-Ingenheim.pdf\">Concert du 14 avril 2013 \u00e0 Ingenheim<\/a><\/li>\n<li><a href=\"http:\/\/www.ensemble-vocalia.fr\/wp-content\/uploads\/2012\/04\/Concert-du-4-mai-2013-\u00e0-Molsheim.pdf\">Concert du 4 mai 2013 \u00e0 Molsheim<\/a><\/li>\n<\/ul>\n<p><a href=\"http:\/\/www.ensemble-vocalia.fr\/wp-content\/uploads\/2012\/04\/vocalia_molsheim.jpg\"><img loading=\"lazy\" decoding=\"async\" class=\"alignleft wp-image-591\" src=\"http:\/\/www.ensemble-vocalia.fr\/wp-content\/uploads\/2012\/04\/vocalia_molsheim-300x148.jpg\" alt=\"vocalia_molsheim\" width=\"259\" height=\"128\" srcset=\"http:\/\/www.ensemble-vocalia.fr\/wp-content\/uploads\/2012\/04\/vocalia_molsheim-300x148.jpg 300w, http:\/\/www.ensemble-vocalia.fr\/wp-content\/uploads\/2012\/04\/vocalia_molsheim.jpg 738w\" sizes=\"auto, (max-width: 259px) 100vw, 259px\" \/><\/a> <a href=\"http:\/\/www.ensemble-vocalia.fr\/wp-content\/uploads\/2012\/04\/groupe_Molsheim.jpg\"><img loading=\"lazy\" decoding=\"async\" class=\"alignleft wp-image-592\" src=\"http:\/\/www.ensemble-vocalia.fr\/wp-content\/uploads\/2012\/04\/groupe_Molsheim-300x144.jpg\" alt=\"groupe_Molsheim\" width=\"267\" height=\"128\" srcset=\"http:\/\/www.ensemble-vocalia.fr\/wp-content\/uploads\/2012\/04\/groupe_Molsheim-300x144.jpg 300w, http:\/\/www.ensemble-vocalia.fr\/wp-content\/uploads\/2012\/04\/groupe_Molsheim.jpg 800w\" sizes=\"auto, (max-width: 267px) 100vw, 267px\" \/><\/a><\/p>\n<p>&nbsp;<\/p>\n<p>&nbsp;<\/p>\n<p>&nbsp;<\/p>\n<p>&nbsp;<\/p>\n<ul>\n<li><a href=\"http:\/\/www.ensemble-vocalia.fr\/wp-content\/uploads\/2012\/04\/Stage-de-chant-\u00e0-Sainte.pdf\">Stage de chant \u00e0 Sainte-Marie-aux-Mines 2013<\/a><\/li>\n<li><a href=\"http:\/\/www.ensemble-vocalia.fr\/wp-content\/uploads\/2012\/04\/Concert-du-13-octobre-2013-\u00e0-la-cath\u00e9drale-de-Strasbourg.pdf\">Concert du 13 octobre 2013 \u00e0 la cath\u00e9drale de Strasbou<\/a><a href=\"http:\/\/www.ensemble-vocalia.fr\/wp-content\/uploads\/2012\/04\/Concert-du-13-octobre-2013-\u00e0-la-cath\u00e9drale-de-Strasbourg.pdf\">rg<\/a><\/li>\n<li><a href=\"http:\/\/www.ensemble-vocalia.fr\/wp-content\/uploads\/2012\/04\/Concert-de-No\u00ebl-\u00e0-Quatzenheim.pdf\">Concert de No\u00ebl \u00e0 Quatzenheim<\/a><\/li>\n<\/ul>\n<p><a href=\"http:\/\/www.ensemble-vocalia.fr\/wp-content\/uploads\/2012\/04\/Vocalia_Quatzenheim2013_018.jpg\"><img loading=\"lazy\" decoding=\"async\" class=\"alignleft wp-image-701\" src=\"http:\/\/www.ensemble-vocalia.fr\/wp-content\/uploads\/2012\/04\/Vocalia_Quatzenheim2013_018-300x200.jpg\" alt=\"\" width=\"259\" height=\"173\" srcset=\"http:\/\/www.ensemble-vocalia.fr\/wp-content\/uploads\/2012\/04\/Vocalia_Quatzenheim2013_018-300x200.jpg 300w, http:\/\/www.ensemble-vocalia.fr\/wp-content\/uploads\/2012\/04\/Vocalia_Quatzenheim2013_018.jpg 1024w\" sizes=\"auto, (max-width: 259px) 100vw, 259px\" \/><\/a><a href=\"http:\/\/www.ensemble-vocalia.fr\/wp-content\/uploads\/2012\/04\/Vocalia_Quatzenheim2013_092.jpg\"><img loading=\"lazy\" decoding=\"async\" class=\"alignleft wp-image-704\" src=\"http:\/\/www.ensemble-vocalia.fr\/wp-content\/uploads\/2012\/04\/Vocalia_Quatzenheim2013_092-300x200.jpg\" alt=\"Vocalia_Quatzenheim2013_092\" width=\"259\" height=\"173\" srcset=\"http:\/\/www.ensemble-vocalia.fr\/wp-content\/uploads\/2012\/04\/Vocalia_Quatzenheim2013_092-300x200.jpg 300w, http:\/\/www.ensemble-vocalia.fr\/wp-content\/uploads\/2012\/04\/Vocalia_Quatzenheim2013_092.jpg 1024w\" sizes=\"auto, (max-width: 259px) 100vw, 259px\" \/><\/a><a href=\"http:\/\/www.ensemble-vocalia.fr\/wp-content\/uploads\/2012\/04\/Vocalia_Quatzenheim2013_026.jpg\"><img loading=\"lazy\" decoding=\"async\" class=\"alignleft wp-image-702\" src=\"http:\/\/www.ensemble-vocalia.fr\/wp-content\/uploads\/2012\/04\/Vocalia_Quatzenheim2013_026-300x200.jpg\" alt=\"Vocalia_Quatzenheim2013_026\" width=\"259\" height=\"173\" srcset=\"http:\/\/www.ensemble-vocalia.fr\/wp-content\/uploads\/2012\/04\/Vocalia_Quatzenheim2013_026-300x200.jpg 300w, http:\/\/www.ensemble-vocalia.fr\/wp-content\/uploads\/2012\/04\/Vocalia_Quatzenheim2013_026.jpg 1024w\" sizes=\"auto, (max-width: 259px) 100vw, 259px\" \/><\/a><\/p>\n<p>&nbsp;<\/p>\n<p>&nbsp;<\/p>\n<p><a href=\"http:\/\/www.ensemble-vocalia.fr\/wp-content\/uploads\/2012\/04\/Vocalia_Quatzenheim2013_072.jpg\"><img loading=\"lazy\" decoding=\"async\" class=\"alignleft wp-image-703\" src=\"http:\/\/www.ensemble-vocalia.fr\/wp-content\/uploads\/2012\/04\/Vocalia_Quatzenheim2013_072-300x200.jpg\" alt=\"Vocalia_Quatzenheim2013_072\" width=\"259\" height=\"173\" srcset=\"http:\/\/www.ensemble-vocalia.fr\/wp-content\/uploads\/2012\/04\/Vocalia_Quatzenheim2013_072-300x200.jpg 300w, http:\/\/www.ensemble-vocalia.fr\/wp-content\/uploads\/2012\/04\/Vocalia_Quatzenheim2013_072.jpg 1024w\" sizes=\"auto, (max-width: 259px) 100vw, 259px\" \/><\/a><\/p>\n<p>&nbsp;<\/p>\n<p>&nbsp;<\/p>\n<p>&nbsp;<\/p>\n<p>&nbsp;<\/p>\n<p>&nbsp;<\/p>\n<p>&nbsp;<\/p>\n<p>&nbsp;<\/p>\n<ul>\n<li><a href=\"http:\/\/www.ensemble-vocalia.fr\/wp-content\/uploads\/2012\/04\/Concert-de-No\u00ebl-\u00e0-Pfulgriesheim.pdf\">Concert de No\u00ebl \u00e0 Pfulgriesheim<\/a><\/li>\n<li><a href=\"http:\/\/www.ensemble-vocalia.fr\/wp-content\/uploads\/2012\/04\/Concerts-de-2014.pdf\">Concerts de 2014<\/a><\/li>\n<li><a href=\"http:\/\/www.ensemble-vocalia.fr\/wp-content\/uploads\/2012\/04\/Ensemble.pdf\">\u00ab\u00a0Ensemble\u00a0\u00bb concerts des 12 et 13 juin 2015<\/a><\/li>\n<li><a href=\"http:\/\/www.ensemble-vocalia.fr\/wp-content\/uploads\/2012\/04\/Concert-du-8-novembre-2015-\u00e0-Rumersheim.pdf\">Concert du 8 novembre 2015 \u00e0 Rumersheim<\/a><\/li>\n<li><a href=\"http:\/\/www.ensemble-vocalia.fr\/wp-content\/uploads\/2012\/04\/Concert-du-28-novembre-2015-\u00e0-Surbourg.pdf\">Concert du 28 novembre 2015 \u00e0 Surbourg<\/a><\/li>\n<li><a href=\"http:\/\/www.ensemble-vocalia.fr\/wp-content\/uploads\/2012\/04\/Week-end-des-27-et-28-fevrier-2016.pdf\">Week-end des 27 et 28 fevrier 2016<\/a><\/li>\n<li><a href=\"http:\/\/www.ensemble-vocalia.fr\/wp-content\/uploads\/2012\/04\/Concert-du-6-mars-2016-\u00e0-Strasbourg1.pdf\">Concert du 6 mars 2016 \u00e0 Strasbourg-Neudorf<\/a><\/li>\n<li><a href=\"http:\/\/www.ensemble-vocalia.fr\/wp-content\/uploads\/2012\/04\/Vocalia-S\u00e9rignan-2016.pdf\">Vocalia S\u00e9rignan 2016<\/a><\/li>\n<li><a href=\"http:\/\/www.ensemble-vocalia.fr\/wp-content\/uploads\/2012\/04\/Concert-du-12-f\u00e9vrier-2017.pdf\">Concert du 12 f\u00e9vrier 2017<\/a><\/li>\n<li><a href=\"http:\/\/www.ensemble-vocalia.fr\/wp-content\/uploads\/2018\/05\/LEnsemble-Vocalia-\u00e0-Prague.pdf\">L&rsquo;Ensemble Vocalia \u00e0 Prague<\/a><\/li>\n<\/ul>\n","protected":false},"excerpt":{"rendered":"<p>Prenez du plaisir \u00e0 lire les textes de notre r\u00e9dactrice Nicole. texte R\u00e9tina r\u00e9p\u00e9tition Wingersheim Forum des Associations du 9 septembre 2012 &nbsp; &nbsp; &nbsp; &nbsp; &nbsp; Un dimanche inoubliable avec Jacky Locks &nbsp; &nbsp; &nbsp; &nbsp; &nbsp; &nbsp; Concert du 11 novembre 2012 Concert de No\u00ebl du 8 d\u00e9cembre 2012 r\u00e9union bilan 11 fevrier &hellip; <\/p>\n<p><a class=\"more-link btn\" href=\"http:\/\/www.ensemble-vocalia.fr\/?page_id=412\">Lire la suite<\/a><\/p>\n","protected":false},"author":2,"featured_media":0,"parent":0,"menu_order":0,"comment_status":"open","ping_status":"open","template":"","meta":{"footnotes":""},"class_list":["post-412","page","type-page","status-publish","hentry","nodate","item-wrap"],"_links":{"self":[{"href":"http:\/\/www.ensemble-vocalia.fr\/index.php?rest_route=\/wp\/v2\/pages\/412","targetHints":{"allow":["GET"]}}],"collection":[{"href":"http:\/\/www.ensemble-vocalia.fr\/index.php?rest_route=\/wp\/v2\/pages"}],"about":[{"href":"http:\/\/www.ensemble-vocalia.fr\/index.php?rest_route=\/wp\/v2\/types\/page"}],"author":[{"embeddable":true,"href":"http:\/\/www.ensemble-vocalia.fr\/index.php?rest_route=\/wp\/v2\/users\/2"}],"replies":[{"embeddable":true,"href":"http:\/\/www.ensemble-vocalia.fr\/index.php?rest_route=%2Fwp%2Fv2%2Fcomments&post=412"}],"version-history":[{"count":50,"href":"http:\/\/www.ensemble-vocalia.fr\/index.php?rest_route=\/wp\/v2\/pages\/412\/revisions"}],"predecessor-version":[{"id":1129,"href":"http:\/\/www.ensemble-vocalia.fr\/index.php?rest_route=\/wp\/v2\/pages\/412\/revisions\/1129"}],"wp:attachment":[{"href":"http:\/\/www.ensemble-vocalia.fr\/index.php?rest_route=%2Fwp%2Fv2%2Fmedia&parent=412"}],"curies":[{"name":"wp","href":"https:\/\/api.w.org\/{rel}","templated":true}]}}